alculate x(-3).
15
Let s(d) = -d**3 + 3*d**2 - 3*d - 3. What is s(2)?
-5
Let y(b) = b**2 - 18*b + 6. Give y(18).
6
Let n(j) = -j + 4. Give n(33).
-29
Let n(m) = 5*m**2 + m. Determine n(-2).
18
Let j(r) = -18*r - 8. Determine j(2).
-44
Let d(p) = p - 1. Calculate d(9).
8
Let u(d) = d**2 + 6*d + 11. What is u(-8)?
27
Let b(t) = -t**3 + 13*t**2 - 14*t + 2. Calculate b(12).
-22
Let a(i) = -i**3 + 80*i**2 - 88*i + 707. Determine a(79).
-4
Let q(x) = x**3 + 8*x**2 + 7*x - 6. Give q(-7).
-6
Let h(t) = -8*t + 32. Calculate h(4).
0
Let y(o) = 2*o - 30. What is y(23)?
16
Let x(a) = -a**3 + 9*a**2 - 3*a - 5. Determine x(6).
85
Let r(h) = 3*h**2 + 19*h + 2. Calculate r(-6).
-4
Let q(h) = -h**2 - 6*h - 2. What is q(-6)?
-2
Let q(o) = -27*o + 277. Give q(10).
7
Let f(v) = -v**2 - 14*v + 19. Calculate f(-15).
4
Let i(j) = -6*j - 87. Give i(-5).
-57
Let y(d) = -d**3 - 6*d**2 + 70*d + 9. Calculate y(-12).
33
Let t(i) = -i**3 + 7*i**2 - 8*i - 2. Calculate t(4).
14
Let x(k) = k**3 + 5*k**2 - 8*k - 14. What is x(-6)?
-2
Let s(w) = -w + 7. Determine s(0).
7
Let a(f) = 26*f**3 - 2*f - 1. Calculate a(-1).
-25
Let h(w) = 11*w**2 - 4*w + 1. Give h(1).
8
Let u(d) = 5*d**3 - 6*d**2 - 6*d - 3. What is u(-1)?
-8
Let v(s) = -8*s**2 + 2*s - 2. What is v(1)?
-8
Let g(v) = 5*v - 65. Determine g(10).
-15
Let m(t) = -2*t**2 - 41*t - 100. What is m(-17)?
19
Let x(u) = u**3 + 7*u**2 - 12*u + 4. What is x(-9)?
-50
Let n(c) = c**3 - 16*c**2 - 14*c + 10. Give n(17).
61
Let v(g) = -9*g**3 - 2*g - 1. What is v(-1)?
10
Let n(j) = 10*j**3 - 4*j**2 - j + 5. What is n(3)?
236
Let d(l) = l**2 + 5*l. Determine d(0).
0
Let x(q) = -63*q - 16. Calculate x(-1).
47
Let y(u) = -u + 22. Calculate y(11).
11
Let j(o) = -o**2 + 12*o - 2. Determine j(12).
-2
Let r(l) = -l**3 - 9*l**2 - 9*l + 11. Give r(-8).
19
Let z(d) = d**3 + 5*d**2 + 43*d + 213. Calculate z(-5).
-2
Let b(x) = -x + 2. Calculate b(-6).
8
Let u(q) = 3*q**2 - 3*q - 4. What is u(-3)?
32
Let b(t) = t + 8. What is b(-4)?
4
Let x(w) = 3*w**3 + 5*w**2 + 4*w - 1. What is x(-3)?
-49
Let x(z) = 5*z**2 + 5*z + 3. What is x(-3)?
33
Let r(b) = -b**3 + 17*b**2 - 43*b + 2. Give r(14).
-12
Let f(v) = -v**3 - 15*v**2 - 16*v - 24. Determine f(-14).
4
Let r(a) = -a + 8. Give r(3).
5
Let z(w) = -w**3 + 4*w**2 + 5*w. What is z(5)?
0
Let d(t) = -t**3 + 42*t**2 + 3*t - 121. Calculate d(42).
5
Let n(v) = -v**3 + 5*v**2 - 17*v + 50. What is n(4)?
-2
Let c(z) = -z**2 + 2. Give c(3).
-7
Let r(t) = -22*t + 2. Calculate r(-1).
24
Let g(o) = -o**3 - 13*o**2 - 16*o - 44. Determine g(-12).
4
Let o(h) = h**3 - 9*h**2 + 15*h - 11. What is o(7)?
-4
Let y(n) = n**2 - 22*n + 2. Give y(10).
-118
Let y(h) = -h**2 + 6*h - 8. What is y(6)?
-8
Let a(r) = r**3 + 13*r**2 + 10*r - 4. Determine a(-12).
20
Let r(x) = -x**3 - 6*x**2 + 8*x - 60. Determine r(-8).
4
Let x(w) = -2*w**3 - 29*w**2 + 12*w - 38. What is x(-15)?
7
Let v(s) = 24*s + 332. Determine v(-14).
-4
Let c(j) = -j**2 - 9*j - 14. Give c(-5).
6
Let x(z) = z**2 - 9*z + 5. Calculate x(8).
-3
Let z(m) = -44*m**2 + 3*m - 3. Give z(1).
-44
Let h(j) = j**3 + 19*j**2 + 20*j + 42. Determine h(-18).
6
Let v(a) = -a**3 - 10*a**2 - 20*a + 6. Calculate v(-7).
-1
Let z(h) = -2*h + 2. What is z(0)?
2
Let a(g) = 5*g**3 + g**2 - 3*g + 5. Give a(2).
43
Let f(t) = -t**2 - 12*t + 19. Calculate f(-13).
6
Let y(g) = g**3 - 6*g**2 - 12. Determine y(8).
116
Let z(v) = -6*v - 136. Give z(-18).
-28
Let l(b) = -b**2 + 16*b + 9. Determine l(14).
37
Let b(j) = 2*j**3 - 2*j**2 - 6*j + 8. Calculate b(2).
4
Let x(h) = 35*h**2 + h - 2. Determine x(1).
34
Let r(m) = -m**3 + 4*m**2 + 9*m - 21. What is r(4)?
15
Let j(o) = o**2 - 3*o + 3. Give j(-5).
43
Let y(p) = 3*p**3 - p**2 - 11. Give y(3).
61
Let t(s) = s**2 + 22*s + 45. What is t(-20)?
5
Let f(n) = -n**2 + 16*n + 6. Give f(17).
-11
Let z(n) = n**2 - 5*n + 3. Determine z(1).
-1
Let k(a) = -4*a**2 + 7*a - 1. Determine k(5).
-66
Let d(c) = c**3 + 4*c**2 - 7*c - 6. What is d(-4)?
22
Let g(u) = 6*u - 317. Calculate g(54).
7
Let b(k) = -3*k - 14. Give b(-3).
-5
Let j(u) = u**2 - 6*u - 35. Determine j(13).
56
Let a(z) = -z**2 - 15*z + 1. What is a(-18)?
-53
Let j(r) = 2*r + 24. What is j(-16)?
-8
Let a(y) = -2*y - 16. What is a(-11)?
6
Let b(k) = 2*k**2 + 30*k. Calculate b(-15).
0
Let v(m) = -46*m**3 + m**2 - m + 1. What is v(1)?
-45
Let r(o) = -3*o - 32. Calculate r(-6).
-14
Let a(x) = -x**3 + 9*x**2 + 12*x - 19. Give a(10).
1
Let v(a) = a**2 - 7*a + 7. Determine v(4).
-5
Let z(h) = h**3 + 5*h**2 - 7*h + 1. Calculate z(-6).
7
Let b(t) = -t - 23. Determine b(-11).
-12
Let g(f) = -9*f**2 + 4*f. Calculate g(-2).
-44
Let r(b) = -12*b + 633. Give r(53).
-3
Let w(i) = -7*i - 6. Calculate w(-4).
22
Let o(m) = -19*m**2 - 86*m + 1. Determine o(-5).
-44
Let w(y) = y**3 - 15*y**2 + 12*y + 34. Give w(14).
6
Let n(t) = 2*t - 2. Determine n(5).
8
Let a(y) = 3*y**2 + 2*y - 2. What is a(-3)?
19
Let u(b) = -2*b - 19. What is u(-11)?
3
Let n(g) = 34*g**3 - 2*g**2 + g. What is n(1)?
33
Let d(w) = 3*w - 11. Calculate d(9).
16
Let s(m) = -3*m + 10. Give s(4).
-2
Let y(c) = -2*c + 2. Calculate y(4).
-6
Let w(m) = -6*m + 65. Give w(12).
-7
Let a(y) = y**3 - 5*y**2 - y - 1. What is a(4)?
-21
Let j(r) = -9*r + 2. Give j(-6).
56
Let v(b) = -2*b - 19. Determine v(-8).
-3
Let o(u) = -u**2 - 28*u + 472. Determine o(12).
-8
Let l(j) = 8*j**2 - 2*j - 2. What is l(2)?
26
Let c(j) = -51*j**2 - 2*j. Calculate c(1).
-53
Let f(b) = b**3 - 10*b**2 + 11*b - 11. What is f(9)?
7
Let b(k) = -k**3 + 27*k**2 - 2*k + 58. Calculate b(27).
4
Let n(o) = -5*o**2 - 6*o + 2. What is n(3)?
-61
Let s(u) = -2*u**2 - 3*u - 3. Give s(-3).
-12
Let x(p) = -2*p**2 - 12. What is x(6)?
-84
Let b(f) = 7*f - 8. What is b(10)?
62
Let u(g) = -g**3 - g**2 + 5*g - 54. Determine u(0).
-54
Let d(v) = -v**2 - 8*v + 34. Give d(3).
1
Let w(f) = -f + 4. Give w(-3).
7
Let h(l) = -18*l**3 + 4*l**2 - 4*l + 2. Determine h(1).
-16
Let u(g) = g**2 - 14*g. Give u(-5).
95
Let n(q) = -4*q + 10. What is n(8)?
-22
Let m(y) = y**2 + 6*y - 14. What is m(-8)?
2
Let w(b) = b**3 + 7*b**2 - b - 4. What is w(-7)?
3
Let f(b) = 6*b**2 - b - 2. Determine f(2).
20
Let g(z) = z**3 - 7*z**2 - 8*z - 9. Determine g(8).
-9
Let u(b) = -8*b - 10. What is u(-1)?
-2
Let p(k) = k**3 - 18*k**2 - k + 14. What is p(18)?
-4
Let v(t) = t**3 - 14*t**2 + 16*t + 7. Determine v(13).
46
Let f(q) = -q**2 + 23*q + 213. Give f(30).
3
Let o(m) = -m**2 - 16*m. Give o(-16).
0
Let d(t) = -t**2 - 10*t + 6. Determine d(-9).
15
Let y(l) = l**3 - 3*l**2 - 7*l - 15. Give y(5).
0
Let i(u) = 9*u + 54. Determine i(-6).
0
Let v(t) = -t**3 + 18*t**2 + t - 7. Give v(18).
11
Let n(a) = -16*a + 133. What is n(10)?
-27
Let z(o) = 5*o + 3. Determine z(-3).
-12
Let l(o) = -5*o - 14. Calculate l(5).
-39
Let m(i) = -3*i + 7. What is m(3)?
-2
Let l(m) = m**3 + 13*m**2 - 4*m - 51. What is l(-13)?
1
Let l(f) = -f**3 + 23*f**2 + 2*f - 46. What is l(23)?
0
Let s(l) = l**3 - 4*l**2 + 2*l. Determine s(4).
8
Let y(l) = 2*l**2 - l - 1. Calculate y(2).
5
Let s(q) = -q**2 - 15*q + 12. Give s(-11).
56
Let u(d) = 25*d + 24. Calculate u(-2).
-26
Let d(h) = -7*h + 184. Determine d(26).
2
Let y(n) = 7*n**3 - n**2 + 1. What is y(1)?
7
Let f(g) = 3*g - 2. Calculate f(4).
10
Let o(u) = u - 28. Give o(20).
-8
Let l(b) = 16*b + 155. Determine l(-9).
11
Let k(d) = 10*d - 80. Calculate k(5).
-30
Let k(t) = 4*t - 107. Determine k(26).
-3
Let p(s) = -2*s**2 + 64*s + 74. Calculate p(33).
8
Let z(p) = -2*p**2 - 76*p - 71. Calculate z(-37).
3
Let z(x) = -x**2 + 15*x + 158. What is z(22)?
4
Let t(l) = l**2 + 353*l + 2085. Calculate t(-6).
3
Let u(o) = -2*o**2 - 5*o - 4. What is u(-3)?
-7
Let y(g) = -g**3 + 14*g**2 - 21*g - 6. Give y(12).
30
Let k(x) = 5*x + 29. Give k(-9).
-16
Let j(v) = -v**3 + 13*v**2 + 14*v - 1. What is j(14)?
-1
Let m(x) = 4*x - 64. Determine m(15).
-4
Let k(g) = -g**2 + 4*g + 79. Give k(-8).
-17
Let k(p) = 5*p**3 + p**2 - p + 3. What is k(-2)?
-31
Let j(t) = 3*t - 24. Determine j(-12).
-60
Let l(d) = 24*d - 3. Give l(2).
45
Let j(a) = 7*a**2 - 52*a - 11. Give j(7).
-32
Let g(o) = 22*o + 447. What is g(-20)?
7
Let m(p) = -p**2 - 10*p + 16. Calculate m(-12).
-8
Let r(z) = z**2 + 9*z - 57. Determine r(5).
13
Let b(w) = w**2 + 5*w - 1. Determine b(-6).
5
Let f(q) = -q + 8. Give f(9).
-1
Let k(p) = p**2 + 63*p - 419. Calculate k(-69).
-5
Let g(z)